i = 45*i - x. What is the hundreds digit of (i/8)/((-11)/(-2200))?
1
Let c be (1/8*4)/((-8)/10704). Let k = 1318 + c. What is the hundreds digit of k?
6
Suppose 4707 = -3*q + 123. Let w = -943 - q. What is the tens digit of w?
8
Suppose -b = -2*l + 13, -l - l - 4*b - 2 = 0. Suppose -2*n = -l*y - 363, 810 = 5*n - 4*y - 140. What is the hundreds digit of n?
1
Let w(q) be the second derivative of q**4/12 + q**3/3 + 7935*q**2/2 - 2*q - 2. Let g be w(0). What is the tens digit of (g/(-35) + (-4)/14)*-1?
2
What is the hundreds digit of 204/(-8)*(-432)/12 - 1?
9
Let n be ((-6)/(-2))/(-21) + 82539/63. Let x = n + 171. What is the units digit of x?
1
Suppose 38*k = -22*k + 13*k + 807930. What is the ten thousands digit of k?
1
Suppose 3*n - 4*s - 16 = 4*n, 0 = n + 5*s + 19. Let a(t) = 17*t**2 + 15*t + 45. What is the units digit of a(n)?
7
Let i = -508 - -4140. What is the hundreds digit of i?
6
What is the ten thousands digit of 14790 + ((-321)/(-33) + (-48)/(-176) - 7)?
1
Let q be 4 - (-1 + 17)/4. Let j be 96 + (q - -3 - 2)*1. Let w = j - 86. What is the tens digit of w?
1
Let l(p) = 846*p**2 + 22*p - 93. What is the ten thousands digit of l(6)?
3
Let a = -15964 + 92724. What is the tens digit of a?
6
What is the thousands digit of (-2277855)/141*(-4)/5?
2
Let g(f) = 13881*f**2 + 237*f + 236. What is the units digit of g(-1)?
0
Let o = 1779 - 1045. Let k = 1235 - o. What is the units digit of k?
1
Let f = 32 + -24. Let b = -129 + f. What is the hundreds digit of 22/b + (-4580)/(-22)?
2
Let w = 99 - 96. Suppose -3*r - 63 = -w*h, h + 0*r = -3*r + 5. What is the tens digit of h?
1
Let r be 116/638 + (-1 - 647/(-11)). Suppose -r*x = -39*x - 13737. What is the units digit of x?
3
Suppose -8*q - 1 = -105. Suppose 4*g - q*g + 54 = 0. Suppose 3*m = k - 52, 4*k = g*m - 8*m + 180. What is the tens digit of k?
4
What is the thousands digit of 210406/(-399)*(-54)/4?
7
Let g be ((-10)/(-8))/((-4)/32*-2). Suppose -4*h + 245 = -g*k - 275, k + 103 = h. Let m = k - -160. What is the units digit of m?
2
Let i be -3 + 2 - (0 - (-4)/(-1)). Suppose 3*h + 4*n - 3 = i*n, -9 = 3*h + 5*n. Suppose h*s + 4 = -2*s, 5*s + 753 = 4*j. What is the hundreds digit of j?
1
Suppose -f + 17*x - 210 = 18*x, f - x + 214 = 0. Let m = f - -501. What is the hundreds digit of m?
2
Let l(k) = -k**3 + 21*k**2 + 21*k + 103. What is the tens digit of l(13)?
2
Let j = 51 - 46. Suppose -2*l - 6 = 0, -j*a - 1006 + 2673 = -4*l. What is the hundreds digit of a?
3
Let r be 8 + (-4)/(4/(-1)). Let g(y) = y**2 + 5*y + 0 + 6*y + 25 - r*y. What is the units digit of g(-6)?
9
Suppose 0 = -51*y + 47*y + 128. Suppose -265 = y*h - 37*h. What is the units digit of h?
3
Let n = -1041 - -4215. What is the hundreds digit of n?
1
Let k = -80770 + 127479. What is the ten thousands digit of k?
4
Suppose -806*m - 9180 = -812*m. What is the units digit of m?
0
Let a = 17529 - -517. Suppose 13*z - a = -z. Suppose -119 = 10*k - z. What is the hundreds digit of k?
1
What is the units digit of 28/(-16 - -2)*(89176/(-4) + 2)?
4
Let f = 5779 + -1870. What is the tens digit of f?
0
Let d(a) = 294*a - 2579. What is the units digit of d(50)?
1
Suppose -1622*s + 1436243 = -1579*s. What is the hundreds digit of s?
4
Let s = 320 - 320. Suppose 4*n - 4*j - 708 = s, 0 = -3*n - 2*j + 760 - 224. What is the units digit of n?
8
Let h(i) = 14 - i**3 + 21*i**2 + 29*i + 2*i**3 - 6*i**3 + 4*i**3. Let w be h(22). What is the tens digit of 7/(w/18) - 418/(-8)?
5
Suppose -25*l - 49863 = -185413. What is the tens digit of l?
2
Suppose 21*w = 39*w - 36. What is the hundreds digit of w*(445/2 + 5)?
4
Let p(h) = -818*h + 3. What is the units digit of p(-3)?
7
Let u be -43*(0 - (-4 + 5)). Let c = 49 - u. Suppose 3 = -5*t + c*t. What is the units digit of t?
3
Suppose 10 = -5*m, 22*p = 18*p + 4*m + 38128. What is the tens digit of p?
3
Let x be (-7)/14 - (2 - (-9969)/(-6)). Suppose -x = -k - 6*k. Suppose k - 2 = 5*m. What is the tens digit of m?
4
Suppose 4*x + 4*k - 716 = 0, 0 = -2*x + 3*k + 137 + 211. Let b = x + 328. What is the units digit of b?
5
Suppose 5*i + 5*w - 51960 = 0, -3*i - 2*w = -7440 - 23730. What is the tens digit of i?
8
Suppose 0 = 7*s - 1837 - 3182. Suppose -d + 747 = 17*r - 21*r, 2*r = -d + s. What is the hundreds digit of d?
7
Let t(n) = n**2 + 4*n + 3. Let d be t(-4). Let q be (-5 - (d - 5)) + -953. What is the units digit of q/(-34) - (-28)/(-238)?
8
Let r(n) = -14*n**2 + n + 28. Let w be r(7). Let s = w + 931. Let z = s + -27. What is the tens digit of z?
5
Let y(c) = -8*c**3 - 6*c**2 + 13*c - 8. Let l be y(-8). What is the hundreds digit of l/40*15/2?
6
Let g(p) be the first derivative of 53*p**2 + p - 43. What is the hundreds digit of g(2)?
2
Let r(z) = 2*z + 24. Let q(p) = -4*p + 6. Let a be (-3)/21 + 4/28. Let j be q(a). What is the units digit of r(j)?
6
Let m be (-3)/(-7) + (-198)/(-126). Suppose m*s - 127 - 61 = 0. What is the units digit of s?
4
Let m(h) = -3*h - 6. Let t be m(-2). Suppose o - 8*o = t. Suppose o = 4*v + 8*w - 4*w - 488, -461 = -4*v + 5*w. What is the units digit of v?
9
Let l(r) be the third derivative of r**6/120 + 11*r**5/30 - r**4 - 9*r**3/2 - 22*r**2. Let z be l(-23). What is the units digit of ((-1090)/(-15))/(z/(-6))?
9
Let r(c) = 5*c**2 - 28*c - 28. Let t(l) = 6*l**2 - 29*l - 28. Let x(h) = 7*r(h) - 6*t(h). What is the tens digit of x(-15)?
7
Let w(t) = t**3 - 9*t**2 + 2*t - 10. Suppose -7*v + 2*v - u + 30 = 0, 4*v + 5 = 5*u. Let h be w(v). What is the tens digit of (-3)/(5/h + 0)?
6
Suppose -2*v - 10 = -5*b - 31, -3*v = -3*b - 18. Let f(o) be the first derivative of 7*o**3 - o**2 - 7*o + 150. What is the tens digit of f(v)?
7
Let k = 15064 + -8833. What is the tens digit of k?
3
Let d(c) be the second derivative of c**5/20 + c**4/2 - c**3/3 - 3*c**2/2 - c. Let o be d(-6). Suppose 4*j = o*j - 145. What is the tens digit of j?
2
Suppose -2*q + 1123 = -3*k + 2*k, -5*k = 5*q + 5540. Let h = -414 - k. What is the units digit of h?
9
What is the units digit of 0 + (-61742)/(-8) + (-525)/700 - 4?
3
Let m = 43623 - -4675. What is the tens digit of m?
9
Suppose -4*z - 2*a + 390 = 0, -44*z + 46*z = 4*a + 210. What is the tens digit of z?
9
Suppose -4*j = 4*t - 16, 4*t - 7 - 5 = -3*j. Suppose 0*i - j*i + 16 = 0. Suppose -q + h = -20, i*q = -q + h + 84. What is the units digit of q?
6
Suppose -3*i + 2177 = 4*f, -15*i + 18*i = 4*f + 2137. What is the tens digit of i?
1
Let u(v) be the second derivative of 7*v**2 + 0 - 16*v + 17/3*v**3. What is the tens digit of u(2)?
8
Let m be (0/5)/(2 - 0). Suppose m = 20*g - 18*g - 336. Suppose -5*s - 64 = -2*j + j, -4*j - 2*s = -g. What is the units digit of j?
4
Let x = 4504 + -1216. What is the hundreds digit of (x/(-28))/(1/(-7))?
8
What is the units digit of (2 + -1)*(-35 - -30) - -7894?
9
Let k be 4 - 2/(-4)*142. Let s = -60 + k. Suppose -s*f + 25*f - 460 = 0. What is the tens digit of f?
4
Suppose 0 = z + 98 - 598. Let w(y) = -y. Let f be w(-5). Suppose -f*l = -l - z. What is the hundreds digit of l?
1
Suppose -51*i = -3*a - 53*i + 21151, i = a - 7042. What is the units digit of a?
7
Let f = -31 - -54. Suppose b - 1139 = -3*l, -4*b = -f + 3. What is the tens digit of l?
7
Let m = 30 + -30. Suppose i - 7 + 2 = m. What is the units digit of (43/i)/(3/15)?
3
Suppose -6 = 4*b + 298. Let g be 4/5 - 8112/(-60). Let v = g + b. What is the units digit of v?
0
Let x(n) = 339*n**2 - n. Suppose 13 = 18*m + 31. What is the tens digit of x(m)?
4
Let j(k) = 872*k**2 - 118*k + 792. What is the hundreds digit of j(7)?
6
What is the tens digit of 5520/6*(0 + -1 - (-85)/25)?
0
Suppose 26 = 5*m - 3*j, 5*m - 9 - 9 = -j. Suppose 3*n - 5 = 5*r, 0 = 3*r + m*n - 3*n - 11. Suppose -18 = -r*d + 40. What is the units digit of d?
9
Let k = 1 - -1. Let x(c) = -k + 17*c + 0 - c**2 + 3 - 13. What is the tens digit of x(13)?
4
Let a(g) = -g - 3. Let z be a(-8). Suppose -q - 35 = -3*c, z*c + 20 = 8*c + 2*q. What is the tens digit of c?
1
What is the ten thousands digit of (-3290)/376*(-46024)/10?
4
Suppose 2182 = v + 157. Suppose 0 = 7*j - 313 - v. What is the tens digit of j?
3
Suppose -w + 4*f + 22009 = f, 0 = f + 2. What is the units digit of w?
3
Suppose -2*q + q + 6630 = 4*c, -3*c + 19854 = 3*q. Suppose -11*d = -514 - q. What is the units digit of d?
8
Suppose 0 = 4*y - 6*y + 3*m - 1